*b - 483. What is t(18)?
57
Let d(k) = k**3 + 4*k**2 - 842*k - 161. What is d(-31)?
-6
Let u(g) = 60*g + 597. Calculate u(-7).
177
Let h(c) = -423*c - 15224. Calculate h(-36).
4
Let s(j) = -j**2 + 271*j - 15609. Calculate s(188).
-5
Let o(v) = 651*v - 3252. Give o(5).
3
Let v(i) = 80*i**2 - 1197*i - 26. Give v(15).
19
Let v(x) = 2*x**3 + 47*x**2 - 24*x - 51. What is v(-24)?
-51
Let v(u) = -198*u - 2513. Determine v(-13).
61
Let h(n) = -n**2 + 3*n - 11. What is h(-3)?
-29
Let f(t) = 184*t + 1533. Give f(-10).
-307
Let n(f) = 27*f**2 + 35*f - 138. Determine n(-3).
0
Let v(j) = -14*j - 258. Calculate v(-34).
218
Let h(l) = 6638*l + 39776. Calculate h(-6).
-52
Let g(w) = 62*w - 1538. Give g(31).
384
Let u(t) = -t**3 + 14*t**2 - t + 27. Calculate u(14).
13
Let m(v) = -2*v**3 + 5*v**2 + 33. What is m(0)?
33
Let g(i) = -9*i**2 - 170*i + 50. What is g(-17)?
339
Let v(l) = -3529*l - 49403. What is v(-14)?
3
Let a(c) = 34*c**2 + 93*c + 257. Determine a(-3).
284
Let k(w) = -13*w + 61. Give k(-4).
113
Let x(o) = -9*o**3 + 8*o**2 + 81*o - 5. Give x(5).
-525
Let v(s) = -6*s**2 - 10432*s + 10431. Determine v(1).
-7
Let h(a) = -77*a**3 - 5*a**2 - 3*a + 3. Give h(-1).
78
Let z(b) = 434*b + 21258. Calculate z(-49).
-8
Let z(h) = -h**3 + 21*h**2 + 16*h - 325. Give z(21).
11
Let q(g) = -24*g - 1578. Give q(-66).
6
Let m(z) = 8*z + 77. Give m(20).
237
Let r(j) = 214*j - 2418. What is r(7)?
-920
Let x(a) = a**3 - a**2 - 24*a + 15. Give x(0).
15
Let i(a) = -1707*a + 39261. Calculate i(23).
0
Let a(c) = -2*c**2 - 139*c + 49. Calculate a(-70).
-21
Let i(h) = -h**3 - 20*h**2 - 4*h - 36. Determine i(-20).
44
Let b(i) = -3*i**2 - 31*i + 77. Give b(2).
3
Let d(o) = o**3 - 48*o**2 - 42*o - 323. Calculate d(49).
20
Let p(r) = 25*r + 246. What is p(-6)?
96
Let w(y) = 549*y + 293. Determine w(-1).
-256
Let m(n) = 2*n**2 + 29*n - 834. Calculate m(-29).
7
Let q(x) = -18*x - 370. Calculate q(-21).
8
Let n(s) = 5*s - 216. Determine n(27).
-81
Let r(g) = g**2 - 25*g + 3. Give r(25).
3
Let s(o) = 6*o**3 + o + 10. Give s(-2).
-40
Let z(l) = -47*l - 1450. Determine z(-31).
7
Let z(t) = -14*t - 43. Calculate z(4).
-99
Let h(o) = -1000*o + 4007. Give h(4).
7
Let q(p) = -11427*p - 4. Determine q(0).
-4
Let w(r) = -29*r**3 - 4*r**2 + 4*r + 6. What is w(2)?
-234
Let j(o) = -1785*o + 10706. Give j(6).
-4
Let w(n) = -n**2 - 15*n + 639. What is w(19)?
-7
Let q(v) = 4*v**2 + 121*v + 59. Calculate q(-30).
29
Let c(s) = -3*s**2 - 242*s - 1342. Calculate c(-6).
2
Let g(z) = -z**3 + 14*z**2 + 52*z - 9. Calculate g(17).
8
Let g(b) = -138*b + 21110. Give g(153).
-4
Let y(o) = 3*o**2 + o. Calculate y(2).
14
Let o(q) = -2*q**3 + 71*q**2 - 595*q + 30. What is o(13)?
-100
Let r(o) = -11*o**3 + 3*o**2 - 89*o + 182. Calculate r(2).
-72
Let g(v) = v**3 - 34*v**2 + 31*v + 43. Give g(33).
-23
Let l(x) = 4*x**2 + 14*x + 140. Calculate l(-11).
470
Let h(c) = c**3 + 14*c**2 + 14*c + 258. Give h(-15).
-177
Let i(n) = -291*n + 20082. What is i(69)?
3
Let z(j) = -12*j + 90. What is z(18)?
-126
Let y(u) = u**3 + 12*u**2 - 17*u + 21. Give y(-14).
-133
Let c(t) = -24*t + 122. What is c(6)?
-22
Let p(x) = 27*x + 364. Calculate p(-12).
40
Let j(f) = 2*f**3 - 27*f**2 - 15*f - 1. Determine j(14).
-15
Let u(j) = -74*j**3 + 2*j**2 + 10*j - 18. Calculate u(2).
-582
Let a(x) = 1182*x - 20090. Determine a(17).
4
Let z(k) = -266*k + 2912. Give z(8).
784
Let s(m) = -2*m**2 - 148*m + 967. What is s(-80)?
7
Let r(w) = 8*w**2 - 33*w + 61. Calculate r(5).
96
Let t(r) = 22*r + 856. Calculate t(-42).
-68
Let h(t) = -2*t**2 - 16*t + 62. Calculate h(-11).
-4
Let x(o) = -o**3 + 97*o**2 - 1017*o - 254. What is x(85)?
1
Let h(q) = -q**2 - 18*q + 50. Calculate h(-25).
-125
Let s(p) = -p**2 - 42*p + 780. Calculate s(-55).
65
Let y(w) = 113*w + 545. What is y(-5)?
-20
Let y(c) = -c**3 - 15*c**2 + 10*c - 2. What is y(-13)?
-470
Let v(m) = -4*m**3 - 2*m**2 + 22*m - 7. Calculate v(-4).
129
Let n(s) = -103*s + 1024. Determine n(11).
-109
Let h(y) = 272*y - 278. Give h(1).
-6
Let c(k) = -k**3 + 70*k**2 - 66*k - 144. Determine c(69).
63
Let l(y) = 8*y**2 - 141*y + 406. What is l(14)?
0
Let y(v) = 3*v**2 + 163*v + 82. Give y(-51).
-428
Let m(k) = -21*k - 14. What is m(4)?
-98
Let g(p) = 7*p - 106. What is g(24)?
62
Let t(a) = a**3 - 15*a**2 + 40*a + 18. Calculate t(10).
-82
Let z(r) = -3*r**2 + 45*r + 12. Give z(0).
12
Let n(d) = 13*d**2 + 4*d + 7. What is n(-4)?
199
Let w(x) = 103*x + 5879. What is w(-57)?
8
Let w(d) = 9*d - 143. Calculate w(11).
-44
Let k(a) = -3*a**2 - 87*a + 106. Determine k(-30).
16
Let f(t) = -3*t**2 + 40*t + 28. Calculate f(18).
-224
Let a(f) = 42*f - 327. Give a(28).
849
Let y(x) = 5*x**2 + 13*x + 4. Determine y(-2).
-2
Let r(b) = b**3 - 23*b**2 - 35*b + 351. Give r(24).
87
Let v(b) = -b**3 - 22*b**2 - 110*b + 83. What is v(-13)?
-8
Let z(c) = 4*c - 177. Calculate z(13).
-125
Let w(t) = -46*t - 752. Calculate w(-17).
30
Let l(g) = 255*g + 31611. Give l(-124).
-9
Let a(q) = -31*q - 194. Give a(-7).
23
Let o(v) = -156*v - 9735. What is o(-63)?
93
Let o(h) = h**2 - 144*h + 1202. Give o(9).
-13
Let i(m) = 25*m**2 - 102*m - 11. What is i(4)?
-19
Let m(u) = 36*u - 233. Give m(23).
595
Let v(t) = -8*t**2 + 12*t + 18. Determine v(-2).
-38
Let k(l) = -136*l - 241. Calculate k(-2).
31
Let x(t) = 2*t**3 - 20*t**2 + 25*t + 53. Calculate x(8).
-3
Let j(q) = 2*q**2 - 55*q + 288. Calculate j(17).
-69
Let t(m) = 1518*m - 12144. Calculate t(8).
0
Let w(s) = 19*s**2 + 110*s - 2. Determine w(-6).
22
Let d(n) = -10*n + 486. What is d(50)?
-14
Let c(m) = -138*m + 163. Determine c(1).
25
Let b(u) = -27*u**2 - 368*u + 149. Determine b(-14).
9
Let b(d) = 2*d**2 + 132*d - 1920. Give b(13).
134
Let k(d) = d**3 + 60*d**2 + 368*d - 160. Calculate k(-53).
-1
Let l(c) = c**3 - 29*c**2 + 33*c - 130. Calculate l(28).
10
Let w(t) = 197*t + 3644. Calculate w(-20).
-296
Let k(d) = 9*d**2 - 44*d + 57. Give k(2).
5
Let b(x) = -30*x - 171. Give b(-4).
-51
Let g(f) = 24*f + 774. What is g(-32)?
6
Let c(k) = -72*k - 791. Calculate c(-10).
-71
Let o(p) = p**3 + p**2 + 4*p + 30. Determine o(-3).
0
Let d(i) = 10*i + 142. Give d(-11).
32
Let j(y) = 2*y**2 - 83*y - 1315. Calculate j(-13).
102
Let f(z) = -z**3 - 28*z**2 - 93*z - 1812. What is f(-27)?
-30
Let y(a) = 32*a**2 + 2368*a + 18. Calculate y(-74).
18
Let v(s) = -s**2 - 10*s + 50. Give v(-17).
-69
Let f(g) = 17*g**2 + 562*g - 2. Calculate f(-33).
-35
Let z(y) = 5121*y - 25623. What is z(5)?
-18
Let i(y) = 2*y**3 + 15*y**2 + 29*y + 9. Determine i(-4).
5
Let j(r) = 2*r**2 - 215*r - 107. Give j(108).
1
Let p(q) = q**3 + 32*q**2 + 16*q - 398. Give p(-31).
67
Let t(n) = 353*n - 2488. Calculate t(7).
-17
Let u(j) = 5*j**3 + 9. Determine u(-2).
-31
Let s(w) = -w**3 - 24*w**2 + 2*w + 11. Give s(-24).
-37
Let l(k) = -k**3 - 13*k**2 + 3*k + 23. Determine l(-12).
-157
Let g(b) = -9*b + 4. Determine g(17).
-149
Let k(f) = 2*f**2 + 169*f + 828. Calculate k(-5).
33
Let w(q) = -12*q**2 - 27*q - 57. Determine w(-4).
-141
Let a(o) = 40*o + 322. Calculate a(-9).
-38
Let h(n) = n**3 - 49*n**2 - 104*n - 36. Give h(51).
-138
Let b(a) = -3*a**3 + 69*a**2 + 43*a + 712. Calculate b(24).
16
Let c(l) = 16*l - 103. Calculate c(2).
-71
Let m(a) = -2*a**2 - 28*a - 84. Determine m(-9).
6
Let g(j) = 2*j**3 - 2*j**2 + 320*j + 990. What is g(-3)?
-42
Let r(x) = -x**3 - 16*x**2 - 22*x - 36. What is r(-11)?
-399
Let u(h) = 7*h - 128. Give u(-17).
-247
Let k(g) = -g**3 + 58*g**2 - 217*g - 378. Determine k(54).
-432
Let v(k) = 5086*k - 35604. Calculate v(7).
-2
Let h(p) = 53*p + 67. Calculate h(-1).
14
Let h(t) = -t**3 - 198*t**2 - 373*t - 34692. What is h(-197)?
-20
Let v(s) = -2*s**3 + 20*s**2 - 70*s + 4. Give v(7).
-192
Let d(a) = -a**3 - 46*a**2 + 199*a - 110. Determine d(-50).
-60
Let p(r) = 12*r**2 + 1224*r + 4706. Calculate p(-98).
2
Let h(x) = -102*x - 1030. What is h(-9)?
-112
Let z(j) = -j**3 - j + 4. Calculate z(2).
-6
Let i(g) = -g**3 + 54*g**2 - 583*g - 89. Calculate i(39).
-11
Let q(r) = 6*r**2 + 238*r + 59. Give q(-40).
139
Let m(n) = 11*n**3 + 64*n**2 + 3*n + 63. Calculate m(-6).
-27
Let a(z) = 2717*z - 16296. Give a(6).
6
Let r(z) = -169*z + 647. Give r(4).
-29
Let g(d) = 13*d**2 - 466*d + 121. What is g(35)?
-264
Let n(f) = -24*f + 20. Give n(-9).
236
Let d(s) = 100*s**2 + 6203*s + 212. Determine d(-62).
26
Let f(c) = -1114*